s the greatest common divisor of 55 and 99?
11
What is the greatest common factor of 504 and 4424?
56
Calculate the highest common factor of 5699 and 417.
139
What is the highest common factor of 868 and 21?
7
What is the greatest common divisor of 11 and 748?
11
What is the highest common divisor of 72 and 666?
18
What is the highest common divisor of 143 and 2197?
13
What is the highest common divisor of 387 and 9?
9
Calculate the greatest common divisor of 112 and 728.
56
What is the highest common divisor of 512 and 2176?
128
Calculate the greatest common factor of 34460 and 4.
4
Calculate the highest common divisor of 216 and 1096.
8
What is the greatest common divisor of 722 and 24187?
361
What is the highest common factor of 100 and 20?
20
What is the highest common factor of 116 and 174?
58
What is the highest common divisor of 17 and 7?
1
What is the highest common factor of 5370 and 30?
30
What is the greatest common factor of 25 and 85?
5
Calculate the highest common divisor of 415 and 5.
5
What is the greatest common divisor of 1659 and 21?
21
What is the highest common factor of 1536 and 156?
12
Calculate the greatest common divisor of 13 and 3107.
13
Calculate the greatest common factor of 240 and 80.
80
Calculate the greatest common divisor of 44 and 1628.
44
Calculate the greatest common divisor of 978 and 6.
6
Calculate the highest common factor of 98 and 882.
98
Calculate the highest common factor of 156 and 168.
12
What is the highest common divisor of 2712 and 96?
24
What is the greatest common divisor of 48 and 4548?
12
Calculate the greatest common factor of 32 and 96.
32
What is the greatest common divisor of 38 and 6?
2
What is the highest common divisor of 264 and 3080?
88
Calculate the highest common divisor of 18516 and 36.
12
What is the greatest common factor of 64 and 2?
2
Calculate the highest common divisor of 110 and 66.
22
Calculate the greatest common divisor of 28 and 4788.
28
Calculate the greatest common factor of 1976 and 760.
152
What is the highest common divisor of 196 and 441?
49
What is the highest common divisor of 88 and 8?
8
Calculate the greatest common divisor of 23 and 1909.
23
Calculate the greatest common factor of 445 and 5696.
89
What is the highest common divisor of 5962 and 44?
22
What is the highest common factor of 156 and 15756?
156
What is the greatest common divisor of 132 and 363?
33
Calculate the highest common factor of 429 and 39.
39
Calculate the greatest common divisor of 10 and 8.
2
Calculate the greatest common divisor of 2726 and 493.
29
What is the greatest common factor of 224 and 32?
32
Calculate the greatest common divisor of 1 and 1.
1
Calculate the greatest common factor of 41 and 4469.
41
Calculate the highest common divisor of 357 and 945.
21
Calculate the greatest common factor of 13 and 195.
13
What is the highest common divisor of 171 and 1425?
57
Calculate the highest common factor of 23359 and 142.
71
What is the highest common factor of 4 and 82?
2
Calculate the greatest common factor of 33 and 143.
11
What is the greatest common factor of 178 and 9434?
178
What is the greatest common factor of 10 and 480?
10
Calculate the highest common divisor of 10 and 9110.
10
What is the highest common factor of 47 and 1081?
47
Calculate the greatest common divisor of 198 and 6030.
18
Calculate the highest common factor of 46 and 138.
46
Calculate the highest common factor of 21 and 280.
7
What is the highest common factor of 18 and 4212?
18
What is the greatest common factor of 276 and 20217?
69
What is the greatest common divisor of 10 and 4770?
10
What is the greatest common divisor of 6 and 1866?
6
Calculate the greatest common factor of 3346 and 14.
14
Calculate the greatest common factor of 30 and 5400.
30
Calculate the greatest common factor of 583 and 33.
11
What is the highest common factor of 170 and 238?
34
Calculate the highest common factor of 1528 and 24.
8
What is the greatest common factor of 5874 and 132?
66
What is the highest common factor of 205 and 10045?
205
Calculate the highest common divisor of 19 and 5567.
19
What is the greatest common factor of 8 and 752?
8
What is the greatest common divisor of 148 and 12?
4
What is the highest common divisor of 20790 and 35?
35
What is the greatest common divisor of 32 and 344?
8
Calculate the greatest common divisor of 11605 and 55.
55
What is the greatest common factor of 3934 and 42?
14
Calculate the highest common factor of 178 and 8099.
89
What is the greatest common divisor of 172 and 731?
43
What is the highest common factor of 7261 and 53?
53
Calculate the highest common divisor of 52 and 117.
13
What is the highest common factor of 32 and 496?
16
Calculate the greatest common divisor of 455 and 1105.
65
What is the highest common divisor of 169 and 13351?
169
Calculate the greatest common divisor of 270 and 945.
135
What is the highest common factor of 58 and 464?
58
What is the highest common divisor of 88 and 8?
8
What is the highest common divisor of 11492 and 51?
17
What is the highest common divisor of 27 and 189?
27
Calculate the greatest common divisor of 40 and 2700.
20
What is the highest common factor of 1043 and 1341?
149
Calculate the greatest common factor of 90 and 5.
5
What is the highest common divisor of 37572 and 1116?
372
What is the highest common factor of 104 and 8?
8
Calculate the greatest common factor of 3080 and 11.
11
What is the greatest common divisor of 7 and 7?
7
Calculate the highest common factor of 28 and 714.
14
What is the highest common factor of 189 and 357?
21
Calculate the highest common divisor of 16395 and 60.
15
What is the greatest common divisor of 3627 and 18?
9
What is the highest common factor of 26 and 39481?
13
Calculate the greatest common factor of 600 and 250.
50
What is the highest common factor of 624 and 210?
6
Calculate the highest common divisor of 540 and 11772.
108
Calculate the highest common factor of 62 and 279.
31
What is the greatest common factor of 174 and 6380?
58
Calculate the greatest common factor of 133 and 8873.
19
What is the greatest common factor of 770 and 1650?
110
What is the highest common factor of 134 and 4288?
134
What is the greatest common factor of 1292 and 4636?
76
Calculate the highest common divisor of 196 and 8.
4
What is the highest common factor of 55 and 91795?
55
What is the greatest common divisor of 200 and 156?
4
What is the greatest common divisor of 4674 and 285?
57
Calculate the highest common divisor of 9 and 243.
9
Calculate the greatest common factor of 38 and 874.
38
What is the greatest common divisor of 162 and 6?
6
Calculate the greatest common factor of 92 and 21988.
92
Calculate the highest common factor of 120 and 60.
60
What is the highest common factor of 6513 and 312?
39
Calculate the greatest common factor of 31 and 1.
1
Calculate the highest common divisor of 43 and 26.
1
Calculate the greatest common divisor of 15 and 1555.
5
Calculate the highest common divisor of 1316 and 504.
28
What is the highest common factor of 3717 and 63?
63
What is the highest common divisor of 671 and 11?
11
What is the greatest common divisor of 3817 and 11?
11
What is the greatest common divisor of 2080 and 480?
160
Calculate the greatest common factor of 284 and 4331.
71
What is the greatest common divisor of 176 and 66?
22
Calculate the greatest common factor of 624 and 195.
39
Calculate the greatest common divisor of 440 and 1000.
40
What is the highest common divisor of 2021 and 43?
43
Calculate the highest common divisor of 70 and 1890.
70
What is the highest common factor of 2408 and 2709?
301
Calculate the highest common divisor of 41 and 1312.
41
What is the greatest common divisor of 11 and 154?
11
Calculate the highest common factor of 3875 and 124.
31
Calculate the highest common factor of 666 and 9.
9
Calculate the greatest common factor of 712 and 8.
8
What is the highest common divisor of 26 and 24?
2
What is the highest common factor of 9504 and 56?
8
What is the greatest common factor of 7 and 4508?
7
What is the highest common divisor of 735 and 15?
15
What is the greatest common factor of 20 and 1180?
20
What is the highest common factor of 192 and 256?
64
What is the greatest common f